e 3*d - 22 = -5*h - i*d, 3*d + 3 = 0. Suppose -h*f + 71 = 1. List the prime factors of f.
2, 7
Suppose 59 = 5*u - 41. Suppose -3*t - 30 = 4*x - 82, 0 = -4*x - u. Suppose -s + 9 = -3*z - 19, -3*s - 3*z = -t. What are the prime factors of s?
13
Suppose 2*s = -3 - 3. Let t be (-2)/(6/609) - s. What are the prime factors of (8/5)/((-16)/t)?
2, 5
What are the prime factors of -2 + -3 + 4 + 7?
2, 3
Suppose b - 20 = 5*b. Let d(y) = y + 4. Let m be d(b). What are the prime factors of (2/5)/(m/(-10))?
2
Let u(y) = -y**2 - 9*y - 4. Let p be u(-8). Suppose 3*s - 8 = z, p*s - 11 = 5. What are the prime factors of z?
2
Suppose -2*w + 16 = 2*w. Suppose 0 = -w*y - 0*y. Suppose y = -a + 4 + 3. What are the prime factors of a?
7
Let n be ((-4)/6 - 0)*-6. Suppose n*g - g = 4*b - 16, -3*b = -g - 12. Suppose 4*u + 0*k - 58 = 2*k, -u - 3*k = -b. What are the prime factors of u?
13
Suppose -5*y + 135 = -2*y. Let s = 92 - y. What are the prime factors of s?
47
Let v = 87 - 50. List the prime factors of v.
37
Let j(g) = 4*g + 6. Let h be j(-6). List the prime factors of 12/h + (-41)/(-3).
13
List the prime factors of 66 + 0 + -2 + -4.
2, 3, 5
Let d(g) = -4*g. Let y be d(3). Let w = y + 24. What are the prime factors of w?
2, 3
Let g(s) = s**2 - s - 5. Let o be g(4). Let b = o + -4. Suppose 4*x + r = 37, x - 5 - 1 = b*r. List the prime factors of x.
3
Suppose 5*a - 80 = -2*m + 26, 2*a - 51 = -m. Suppose -3*v + o + m = 0, 5*v - o = o + 72. Suppose -h + 0*h = -v. What are the prime factors of h?
2, 7
Let q(r) = -r**3 + 92. What are the prime factors of q(0)?
2, 23
Suppose 2*m = -16 - 26. What are the prime factors of m/(-35) - 242/(-5)?
7
Let t = -6 - -19. List the prime factors of t.
13
Suppose -4*t = -c - 236, -3*c - 85 + 262 = 3*t. What are the prime factors of t?
59
List the prime factors of (-12)/(((-9)/6)/1).
2
Let q(h) = -h**2 - 10*h - 1. List the prime factors of q(-6).
23
Suppose 10*i = 6*i + 168. What are the prime factors of 2/6 - i/(-9)?
5
Let x(y) = -y**3 + 2*y**2 + 2*y - 2. Let f be x(2). Suppose 2*u - 111 = -5*h, f*u - 9 = -u. What are the prime factors of h?
3, 7
Suppose -w = 3*w + 2*r + 1940, -2*r - 1454 = 3*w. Let m be (-2)/4 + w/(-12). Suppose -4*p + 0*p + m = 0. List the prime factors of p.
2, 5
Let p(g) = -g**2 - 4*g - 7. Let d be p(-5). Let h = 17 + d. Suppose 5*q - 36 = -h*y + 4, -y - 4 = 4*q. What are the prime factors of y?
2, 3
Suppose 10 = v + 3. Suppose -35 = -5*m + 3*q, -3*q - q = -m + v. List the prime factors of m.
7
Suppose 9 - 1 = 2*c. Suppose -c*r + r - 5*t = -178, r - 56 = -5*t. Suppose -2*w + 27 = -3*z, -r = -5*w - z + 2*z. List the prime factors of w.
2, 3
Let r(h) = h**2 - 2*h + 4. Let u(q) = 4*q - 8 - 2*q - q + 20. Let n be u(-9). What are the prime factors of r(n)?
7
Let p(h) be the second derivative of -h**6/720 + h**5/120 - h**4/4 - 3*h. Let r(a) be the third derivative of p(a). What are the prime factors of r(-7)?
2
Suppose -k - 86 = -3*k - 2*x, 0 = -2*x + 6. Suppose f - 5*s = -f + k, f - 20 = 3*s. Suppose f = -3*c + 5*c. What are the prime factors of c?
2, 5
What are the prime factors of (-6)/(3 - -3)*(-239 + -2)?
241
Let d(g) = -5*g - 10. Let u(z) = -1. Let q(b) = d(b) - 4*u(b). What are the prime factors of q(-5)?
19
Suppose 72 + 128 = 5*u. What are the prime factors of u?
2, 5
Suppose y + 26 = -8. Let a = 48 + y. What are the prime factors of a?
2, 7
Suppose 4*a = -2*k + 622, 616 = 4*a + 5*k - k. List the prime factors of a.
157
Let t(h) = h**2 - h. Let w(q) = 5*q - 5. Let k(j) = t(j) + w(j). What are the prime factors of k(-7)?
2
Suppose -3*u - 42 - 42 = 0. Let x = u + 39. Let a = 2 + x. List the prime factors of a.
13
Suppose 0 = 3*z - 290 + 77. What are the prime factors of z?
71
Let t(u) be the first derivative of u**3/3 + u**2 - 3*u + 1. What are the prime factors of t(4)?
3, 7
Suppose 4*z = -576 + 2176. List the prime factors of z/24 + (-2)/(-6).
17
What are the prime factors of 51*((-93)/(-21) + (-8)/(-14))?
3, 5, 17
Suppose -7*t + 20 = -3*t. Suppose t*z + q - 136 = 0, z = -4*q + 2*q + 20. What are the prime factors of z?
2, 7
Let h = 28 - 0. List the prime factors of h.
2, 7
Let t = -14 + 4. Let c = 3 - 6. Let b = c - t. What are the prime factors of b?
7
Let f = 3 - -5. Let v be (1 + 3/(-6))*f. Suppose v = s - 3. List the prime factors of s.
7
Suppose 3*h = 12, -3*o - 4*h + 86 = -236. What are the prime factors of o?
2, 3, 17
List the prime factors of 54/2*((-66)/(-18) + -2).
3, 5
Let h(n) = -7*n + 4. List the prime factors of h(-5).
3, 13
Let d = -331 + 235. List the prime factors of d/(-8) - (-4)/2.
2, 7
What are the prime factors of (-2)/(-8) + (-4076)/(-16)?
3, 5, 17
Let a be ((-2)/(-4) + 0)*26. Let p = 18 - a. Suppose -p*q = 2*n - 100 + 36, 6 = q - 3*n. List the prime factors of q.
2, 3
Suppose 0*y + 40 = y. Let w = y + -21. What are the prime factors of w?
19
Suppose 400 = -0*z + 8*z. List the prime factors of z.
2, 5
Let c(j) = j**2 + j + 1. Let q(r) = -12*r**3 - r - 2. Let x(v) = 2*c(v) + q(v). List the prime factors of x(-1).
13
Suppose 3*s + 70 = 298. What are the prime factors of s?
2, 19
Let l(f) be the third derivative of -f**6/120 + 3*f**5/20 + f**4/12 - 2*f**3 + f**2. List the prime factors of l(9).
2, 3
Let z(q) = -q**2 + 2*q + 1. Let c be z(2). What are the prime factors of -3 - -2 - c*-21?
2, 5
Let i(x) = -2*x - 18. Let k be i(-12). Suppose j - 9 = k. List the prime factors of j.
3, 5
Let c = 13 - 9. Suppose c*p - p - 12 = 0. List the prime factors of p.
2
Let m(z) = z**3 - 4*z**2 - 2*z - 7. Let n = 6 - -6. Suppose 0 = 2*i - o - n, 2*i - 3*o + 5*o - 6 = 0. What are the prime factors of m(i)?
2
Let k(f) = -26*f**2 - 2*f + 1. Let i be k(1). Let x = i + 43. List the prime factors of x.
2
Let d(o) = o**3 + 7*o**2 - 2*o - 9. Let m be d(-7). Let h(y) = -y - 2. Let a be h(-2). Suppose a = 4*w - m*w + 3. List the prime factors of w.
3
Let p = 6 - 2. Suppose p + 2 = 2*d. What are the prime factors of d?
3
Let x = -117 + 174. List the prime factors of x.
3, 19
Suppose 4*u = 2*f + 2*f + 20, -2*u + f = -5. What are the prime factors of 3/(3/12 - u)?
2, 3
Suppose 0*t + 240 = 2*t. List the prime factors of t.
2, 3, 5
Let g be (-2)/(7/9 - 1). Suppose g*r = 8*r. Suppose -2*a + 27 - 3 = r. List the prime factors of a.
2, 3
List the prime factors of (168/(-15))/((-3)/15).
2, 7
Let q = -13 + 39. List the prime factors of q.
2, 13
Let m(c) = c**3 + 8*c**2. Let n be m(-8). Suppose n = -2*v + v + 9. What are the prime factors of v?
3
Let r be -3 + (3 - -2 - -2). Let t(l) = l**3 - 2*l**2 - 2*l + 6. What are the prime factors of t(r)?
2, 3, 5
Suppose 0 = 4*u - z + 34, -17 = -2*u + 5*u - 5*z. Suppose 5*x = -66 - 39. Let c = u - x. List the prime factors of c.
2, 3
Suppose -491 = -8*w + 53. List the prime factors of w.
2, 17
Let s be (1 + 33/(-6))*6. Let m = 47 + s. List the prime factors of m.
2, 5
Let a be (4 - 2/2) + -1. Let v be (-3 - -3)/(1 + 0). Suppose -9 = l - 4*i, 2*l + 0*i - a*i = v. What are the prime factors of l?
3
Suppose g = 32 + 17. What are the prime factors of g?
7
Suppose -2*r + 24 = -20. What are the prime factors of r?
2, 11
Let r = -11 - -7. What are the prime factors of (r/6)/(4/(-24))?
2
Suppose -3*i - 3*y = -0*i - 36, 4*y + 48 = 2*i. Suppose 0 = -c - 3*c + i. Suppose -c*m + 15 + 25 = n, -5*m = n - 50. What are the prime factors of m?
2, 5
Let d(n) = n**3 + 8*n**2 - 3*n. What are the prime factors of d(-6)?
2, 3, 5
Let u = -6 + 6. Suppose 77 = 4*d - u*d - 3*m, -3*d - m = -61. What are the prime factors of d?
2, 5
Let j(i) = i**2 + 4*i - 11. Let n = 12 + -20. Let x be j(n). Let l = -9 + x. What are the prime factors of l?
2, 3
Let h = 173 - 120. List the prime factors of h.
53
What are the prime factors of 226/7 + 12/(-42)?
2
Let y = -1 - -3. Suppose -3*o = 2*i + 6 + 24, y*i + 2*o + 30 = 0. Let k = -4 - i. What are the prime factors of k?
11
Suppose 7*o = 4*o + 39. Let y = 28 - o. What are the prime factors of y?
3, 5
Let b(r) = 2*r**3 + 9*r**2 + 17*r - 11. Let g(a) = -a**3 - 4*a**2 - 8*a + 5. Let l(h) = -6*b(h) - 13*g(h). What are the prime factors of l(2)?
5
List the prime factors of (38 + -10)/(2/4).
2, 7
Suppose j = -j - 84. Let f = -16 - j. Let g = f - 17. List the prime factors of g.
3
Suppose 0 = c - 6*d + 4*d + 5, -2*d = c - 11. Let l be (-45)/20*(c + 1). Let j = -6 - l. What are the pri